{"id":1307,"date":"2026-04-02T16:36:33","date_gmt":"2026-04-02T19:36:33","guid":{"rendered":"https:\/\/afasteel.com.br\/loja\/produto\/kit-tensionador-90-mm-cantoneira-parafuso-porca-e-arruela\/"},"modified":"2026-04-06T11:23:44","modified_gmt":"2026-04-06T14:23:44","slug":"kit-tensionador-90-mm-cantoneira-parafuso-porca-e-arruela","status":"publish","type":"product","link":"https:\/\/afasteel.com.br\/loja\/produto\/kit-tensionador-90-mm-cantoneira-parafuso-porca-e-arruela\/","title":{"rendered":"Kit Tensionador 90 MM (Cantoneira, Parafuso, Porca e Arruela)"},"content":{"rendered":"<p data-start=\"0\" data-end=\"169\">O <strong>Kit Tensionador<\/strong> para Fita de Contraventamento \u00e9 composto por componentes de alta qualidade e durabilidade, desenvolvidos para suportar for\u00e7as de tra\u00e7\u00e3o com efici\u00eancia.<\/p>\n<p data-start=\"171\" data-end=\"386\" data-is-last-node=\"\" data-is-only-node=\"\">O conjunto inclui cantoneira, parafuso, porca e arruela, formando um sistema completo que garante fixa\u00e7\u00e3o segura e tensionamento adequado das fitas de contraventamento, contribuindo para a estabilidade da estrutura.<\/p>\n","protected":false},"excerpt":{"rendered":"<p>O Kit Tensionador para Fita de Contraventamento \u00e9 composto por componentes de alta qualidade e durabilidade, desenvolvidos para suportar for\u00e7as de tra\u00e7\u00e3o com efici\u00eancia. O conjunto inclui cantoneira, parafuso, porca&#8230;<\/p>\n","protected":false},"featured_media":1306,"comment_status":"open","ping_status":"closed","template":"","meta":[],"product_brand":[],"product_cat":[18],"product_tag":[],"class_list":{"0":"post-1307","1":"product","2":"type-product","3":"status-publish","4":"has-post-thumbnail","6":"product_cat-acessorios-steel-frame","8":"first","9":"onbackorder","10":"shipping-taxable","11":"purchasable","12":"product-type-simple"},"_links":{"self":[{"href":"https:\/\/afasteel.com.br\/loja\/wp-json\/wp\/v2\/product\/1307","targetHints":{"allow":["GET"]}}],"collection":[{"href":"https:\/\/afasteel.com.br\/loja\/wp-json\/wp\/v2\/product"}],"about":[{"href":"https:\/\/afasteel.com.br\/loja\/wp-json\/wp\/v2\/types\/product"}],"replies":[{"embeddable":true,"href":"https:\/\/afasteel.com.br\/loja\/wp-json\/wp\/v2\/comments?post=1307"}],"wp:featuredmedia":[{"embeddable":true,"href":"https:\/\/afasteel.com.br\/loja\/wp-json\/wp\/v2\/media\/1306"}],"wp:attachment":[{"href":"https:\/\/afasteel.com.br\/loja\/wp-json\/wp\/v2\/media?parent=1307"}],"wp:term":[{"taxonomy":"product_brand","embeddable":true,"href":"https:\/\/afasteel.com.br\/loja\/wp-json\/wp\/v2\/product_brand?post=1307"},{"taxonomy":"product_cat","embeddable":true,"href":"https:\/\/afasteel.com.br\/loja\/wp-json\/wp\/v2\/product_cat?post=1307"},{"taxonomy":"product_tag","embeddable":true,"href":"https:\/\/afasteel.com.br\/loja\/wp-json\/wp\/v2\/product_tag?post=1307"}],"curies":[{"name":"wp","href":"https:\/\/api.w.org\/{rel}","templated":true}]}}